{"version":"1.0","provider_name":"Cut The Crap","provider_url":"https:\/\/www.incaudavenenum.org\/cut.the.crap","author_name":"Serge Victor","author_url":"https:\/\/www.incaudavenenum.org\/cut.the.crap\/author\/sergevictor\/","title":"Du macronisme au fascisme - Cut The Crap","type":"rich","width":600,"height":338,"html":"<blockquote class=\"wp-embedded-content\" data-secret=\"kVbrfxwUbX\"><a href=\"https:\/\/www.incaudavenenum.org\/cut.the.crap\/du-macronisme-au-fascisme\/\">Du macronisme au fascisme<\/a><\/blockquote><iframe sandbox=\"allow-scripts\" security=\"restricted\" src=\"https:\/\/www.incaudavenenum.org\/cut.the.crap\/du-macronisme-au-fascisme\/embed\/#?secret=kVbrfxwUbX\" width=\"600\" height=\"338\" title=\"\u00ab\u00a0Du macronisme au fascisme\u00a0\u00bb &#8212; Cut The Crap\" data-secret=\"kVbrfxwUbX\" frameborder=\"0\" marginwidth=\"0\" marginheight=\"0\" scrolling=\"no\" class=\"wp-embedded-content\"><\/iframe><script>\n\/*! This file is auto-generated *\/\n!function(d,l){\"use strict\";l.querySelector&&d.addEventListener&&\"undefined\"!=typeof URL&&(d.wp=d.wp||{},d.wp.receiveEmbedMessage||(d.wp.receiveEmbedMessage=function(e){var t=e.data;if((t||t.secret||t.message||t.value)&&!\/[^a-zA-Z0-9]\/.test(t.secret)){for(var s,r,n,a=l.querySelectorAll('iframe[data-secret=\"'+t.secret+'\"]'),o=l.querySelectorAll('blockquote[data-secret=\"'+t.secret+'\"]'),c=new RegExp(\"^https?:$\",\"i\"),i=0;i<o.length;i++)o[i].style.display=\"none\";for(i=0;i<a.length;i++)s=a[i],e.source===s.contentWindow&&(s.removeAttribute(\"style\"),\"height\"===t.message?(1e3<(r=parseInt(t.value,10))?r=1e3:~~r<200&&(r=200),s.height=r):\"link\"===t.message&&(r=new URL(s.getAttribute(\"src\")),n=new URL(t.value),c.test(n.protocol))&&n.host===r.host&&l.activeElement===s&&(d.top.location.href=t.value))}},d.addEventListener(\"message\",d.wp.receiveEmbedMessage,!1),l.addEventListener(\"DOMContentLoaded\",function(){for(var e,t,s=l.querySelectorAll(\"iframe.wp-embedded-content\"),r=0;r<s.length;r++)(t=(e=s[r]).getAttribute(\"data-secret\"))||(t=Math.random().toString(36).substring(2,12),e.src+=\"#?secret=\"+t,e.setAttribute(\"data-secret\",t)),e.contentWindow.postMessage({message:\"ready\",secret:t},\"*\")},!1)))}(window,document);\n\/\/# sourceURL=https:\/\/www.incaudavenenum.org\/cut.the.crap\/wp-includes\/js\/wp-embed.min.js\n<\/script>\n","description":"Cela faisait un moment que la d\u00e9rive autoritaire du capitalisme n\u00e9olib\u00e9ral \u00e9tait visible, notamment par la violence de la r\u00e9pression contre les Gilets Jaunes ou le mouvement social de d\u00e9fense des retraites. Ugo Palheta, par exemple, a bien analys\u00e9 cette \u00ab\u00a0possibilit\u00e9 du fascisme\u00ab\u00a0. Mais les trolls macronards commencent \u00e0 faire \u00e0 pr\u00e9sent leur coming out &hellip; Continuer la lecture de &laquo;&nbsp;&nbsp;&raquo;","thumbnail_url":"https:\/\/i1.wp.com\/www.incaudavenenum.org\/cut.the.crap\/wp-content\/uploads\/2019\/12\/79355651_1232234136986717_1327253896439005184_n.jpg?fit=720%2C660&ssl=1","thumbnail_width":720,"thumbnail_height":660}

Cela faisait un moment que la dérive autoritaire du capitalisme néolibéral était visible, notamment par la violence de la répression contre les Gilets Jaunes ou le mouvement social de défense des retraites. Ugo Palheta, par exemple, a bien analysé cette « possibilité du fascisme« . Mais les trolls macronards commencent à faire à présent leur coming out &hellip; Continuer la lecture de &laquo;&nbsp;&nbsp;&raquo;
