{"id":2,"date":"2010-02-14T19:14:50","date_gmt":"2010-02-14T19:14:50","guid":{"rendered":"http:\/\/cut.the.crap.free.fr\/?page_id=2"},"modified":"2018-07-17T14:42:47","modified_gmt":"2018-07-17T13:42:47","slug":"a-propos","status":"publish","type":"page","link":"https:\/\/www.incaudavenenum.org\/cut.the.crap\/a-propos\/","title":{"rendered":"\u00c0 propos"},"content":{"rendered":"<h3>Arr\u00eatons les conneries\u00a0! <em>Cut the crap<\/em> !<\/h3>\n<p style=\"text-align: justify;\">Aust\u00e9rit\u00e9, social-lib\u00e9ralisme, contre-r\u00e9formes antisociales, confiscation du pouvoir, n\u00e9potisme, corruption, dictature \u00e9conomique, coup d&rsquo;Etat financier, technocratie, obsession s\u00e9curitaire, oppression polici\u00e8re, soumission sociale, renforcement des in\u00e9galit\u00e9s, perp\u00e9tuation des injustices, phallocratie, destruction de l&rsquo;environnement, ab\u00eatissement de la population, laideur bling bling, isolement des individus, r\u00e9signation, impuissance des peuples, complotisme, racisme, x\u00e9nophobie, nationalisme, repli identitaire, superstition, fanatisme religieux&#8230; autant de fl\u00e9aux que le \u00ab\u00a0Spectacle\u00a0\u00bb, autrement dit, tout bonnement, le capitalisme moderne, entretient tout en les masquant sous le pauvre charabia d&rsquo;une <em>novlangue<\/em> qui n&rsquo;a rien \u00e0 envier au cauchemar de George Orwell dans <em>1984<\/em>. Plus que jamais, la \u00ab\u00a0<em>Lingua Quintae Respublicae<\/em>\u00a0\u00bb d\u00e9nonc\u00e9e par Eric Hazan est l&rsquo;outil du mensonge et de la guerre que les capitalistes et les gouvernements \u00e0 leur solde m\u00e8nent contre les acquis sociaux et contre toute forme d&rsquo;\u00e9mancipation du peuple. Apr\u00e8s 5 ans de national-sarkozysme, la France du pr\u00e9sident solf\u00e9rinien Hollande et de son successeur Macron, le pr\u00e9sident des riches, poursuit dans la m\u00eame voie <em>aust\u00e9ritaire<\/em> antisociale et antid\u00e9mocratique que leur pr\u00e9d\u00e9cesseur.<\/p>\n<p style=\"text-align: justify;\">Nous essaierons sur ce blog de participer \u00e0 la d\u00e9mystification qui s&rsquo;impose. Dans la guerre en cours, nous avons \u00e9videmment choisi notre camp, celui de la classe ouvri\u00e8re et de la petite-bourgeoisie intellectuelle paup\u00e9ris\u00e9e dont l&rsquo;alliance est n\u00e9cessaire pour entamer la r\u00e9volution citoyenne qui seule permettra une r\u00e9elle \u00e9mancipation du peuple. Cette r\u00e9volution passe \u00e9videmment par la lutte sociale, par l&rsquo;action syndicale, par l&rsquo;action directe, l&rsquo;autogestion, la remise en cause de la propri\u00e9t\u00e9 et l&rsquo;exp\u00e9rimentation culturelle (nous militons notamment pour le salaire \u00e0 vie inconditionnel et pour l&rsquo;usage \u00e9tendu des licences libres), mais aussi par l&rsquo;\u00e9ducation populaire et la conqu\u00eate du pouvoir politique. Notre perspective est l&rsquo;\u00e9cosocialisme qui, au nom de l&rsquo;int\u00e9r\u00eat g\u00e9n\u00e9ral humain, accomplit la synth\u00e8se entre :<\/p>\n<ul style=\"text-align: justify;\">\n<li>le courant r\u00e9publicain issu des Lumi\u00e8res,<\/li>\n<li>le socialisme, le communisme et l&rsquo;anarchisme issus du mouvement ouvrier,<\/li>\n<li>l&rsquo;\u00e9cologie politique.<\/li>\n<\/ul>\n<p style=\"text-align: justify;\"><em>Cut the crap<\/em> !<\/p>\n<p>&nbsp;<\/p>\n","protected":false},"excerpt":{"rendered":"<p>Arr\u00eatons les conneries\u00a0! Cut the crap ! Aust\u00e9rit\u00e9, social-lib\u00e9ralisme, contre-r\u00e9formes antisociales, confiscation du pouvoir, n\u00e9potisme, corruption, dictature \u00e9conomique, coup d&rsquo;Etat financier, technocratie, obsession s\u00e9curitaire, oppression polici\u00e8re, soumission sociale, renforcement des in\u00e9galit\u00e9s, perp\u00e9tuation des injustices, phallocratie, destruction de l&rsquo;environnement, ab\u00eatissement de la population, laideur bling bling, isolement des individus, r\u00e9signation, impuissance des peuples, complotisme, racisme, x\u00e9nophobie, &hellip; <a href=\"https:\/\/www.incaudavenenum.org\/cut.the.crap\/a-propos\/\" class=\"more-link\">Continuer la lecture<span class=\"screen-reader-text\"> de &laquo;&nbsp;\u00c0 propos&nbsp;&raquo;<\/span><\/a><\/p>\n","protected":false},"author":6,"featured_media":1032,"parent":0,"menu_order":0,"comment_status":"open","ping_status":"open","template":"","meta":{"jetpack_post_was_ever_published":false,"footnotes":""},"class_list":["post-2","page","type-page","status-publish","has-post-thumbnail","hentry"],"yoast_head":"<!-- This site is optimized with the Yoast SEO plugin v27.4 - https:\/\/yoast.com\/product\/yoast-seo-wordpress\/ -->\n<title>\u00c0 propos - Cut The Crap<\/title>\n<meta name=\"robots\" content=\"index, follow, max-snippet:-1, max-image-preview:large, max-video-preview:-1\" \/>\n<link rel=\"canonical\" href=\"https:\/\/www.incaudavenenum.org\/cut.the.crap\/a-propos\/\" \/>\n<meta property=\"og:locale\" content=\"fr_FR\" \/>\n<meta property=\"og:type\" content=\"article\" \/>\n<meta property=\"og:title\" content=\"\u00c0 propos - Cut The Crap\" \/>\n<meta property=\"og:description\" content=\"Arr\u00eatons les conneries\u00a0! Cut the crap ! Aust\u00e9rit\u00e9, social-lib\u00e9ralisme, contre-r\u00e9formes antisociales, confiscation du pouvoir, n\u00e9potisme, corruption, dictature \u00e9conomique, coup d&rsquo;Etat financier, technocratie, obsession s\u00e9curitaire, oppression polici\u00e8re, soumission sociale, renforcement des in\u00e9galit\u00e9s, perp\u00e9tuation des injustices, phallocratie, destruction de l&rsquo;environnement, ab\u00eatissement de la population, laideur bling bling, isolement des individus, r\u00e9signation, impuissance des peuples, complotisme, racisme, x\u00e9nophobie, &hellip; Continuer la lecture de &laquo;&nbsp;\u00c0 propos&nbsp;&raquo;\" \/>\n<meta property=\"og:url\" content=\"https:\/\/www.incaudavenenum.org\/cut.the.crap\/a-propos\/\" \/>\n<meta property=\"og:site_name\" content=\"Cut The Crap\" \/>\n<meta property=\"article:publisher\" content=\"https:\/\/www.facebook.com\/Cut-the-Crap-239882412697830\/\" \/>\n<meta property=\"article:modified_time\" content=\"2018-07-17T13:42:47+00:00\" \/>\n<meta property=\"og:image\" content=\"https:\/\/i1.wp.com\/www.incaudavenenum.org\/cut.the.crap\/wp-content\/uploads\/2018\/01\/cTc.png?fit=100%2C95&ssl=1\" \/>\n\t<meta property=\"og:image:width\" content=\"100\" \/>\n\t<meta property=\"og:image:height\" content=\"95\" \/>\n\t<meta property=\"og:image:type\" content=\"image\/png\" \/>\n<meta name=\"twitter:card\" content=\"summary_large_image\" \/>\n<meta name=\"twitter:site\" content=\"@cutzecrap\" \/>\n<meta name=\"twitter:label1\" content=\"Dur\u00e9e de lecture estim\u00e9e\" \/>\n\t<meta name=\"twitter:data1\" content=\"2 minutes\" \/>\n<script type=\"application\/ld+json\" class=\"yoast-schema-graph\">{\"@context\":\"https:\\\/\\\/schema.org\",\"@graph\":[{\"@type\":\"WebPage\",\"@id\":\"https:\\\/\\\/www.incaudavenenum.org\\\/cut.the.crap\\\/a-propos\\\/\",\"url\":\"https:\\\/\\\/www.incaudavenenum.org\\\/cut.the.crap\\\/a-propos\\\/\",\"name\":\"\u00c0 propos - Cut The Crap\",\"isPartOf\":{\"@id\":\"https:\\\/\\\/www.incaudavenenum.org\\\/cut.the.crap\\\/#website\"},\"primaryImageOfPage\":{\"@id\":\"https:\\\/\\\/www.incaudavenenum.org\\\/cut.the.crap\\\/a-propos\\\/#primaryimage\"},\"image\":{\"@id\":\"https:\\\/\\\/www.incaudavenenum.org\\\/cut.the.crap\\\/a-propos\\\/#primaryimage\"},\"thumbnailUrl\":\"https:\\\/\\\/i0.wp.com\\\/www.incaudavenenum.org\\\/cut.the.crap\\\/wp-content\\\/uploads\\\/2018\\\/01\\\/cTc.png?fit=100%2C95&ssl=1\",\"datePublished\":\"2010-02-14T19:14:50+00:00\",\"dateModified\":\"2018-07-17T13:42:47+00:00\",\"breadcrumb\":{\"@id\":\"https:\\\/\\\/www.incaudavenenum.org\\\/cut.the.crap\\\/a-propos\\\/#breadcrumb\"},\"inLanguage\":\"fr-FR\",\"potentialAction\":[{\"@type\":\"ReadAction\",\"target\":[\"https:\\\/\\\/www.incaudavenenum.org\\\/cut.the.crap\\\/a-propos\\\/\"]}]},{\"@type\":\"ImageObject\",\"inLanguage\":\"fr-FR\",\"@id\":\"https:\\\/\\\/www.incaudavenenum.org\\\/cut.the.crap\\\/a-propos\\\/#primaryimage\",\"url\":\"https:\\\/\\\/i0.wp.com\\\/www.incaudavenenum.org\\\/cut.the.crap\\\/wp-content\\\/uploads\\\/2018\\\/01\\\/cTc.png?fit=100%2C95&ssl=1\",\"contentUrl\":\"https:\\\/\\\/i0.wp.com\\\/www.incaudavenenum.org\\\/cut.the.crap\\\/wp-content\\\/uploads\\\/2018\\\/01\\\/cTc.png?fit=100%2C95&ssl=1\",\"width\":100,\"height\":95},{\"@type\":\"BreadcrumbList\",\"@id\":\"https:\\\/\\\/www.incaudavenenum.org\\\/cut.the.crap\\\/a-propos\\\/#breadcrumb\",\"itemListElement\":[{\"@type\":\"ListItem\",\"position\":1,\"name\":\"Accueil\",\"item\":\"https:\\\/\\\/www.incaudavenenum.org\\\/cut.the.crap\\\/\"},{\"@type\":\"ListItem\",\"position\":2,\"name\":\"\u00c0 propos\"}]},{\"@type\":\"WebSite\",\"@id\":\"https:\\\/\\\/www.incaudavenenum.org\\\/cut.the.crap\\\/#website\",\"url\":\"https:\\\/\\\/www.incaudavenenum.org\\\/cut.the.crap\\\/\",\"name\":\"Cut The Crap\",\"description\":\"Blog de gauche\",\"publisher\":{\"@id\":\"https:\\\/\\\/www.incaudavenenum.org\\\/cut.the.crap\\\/#organization\"},\"potentialAction\":[{\"@type\":\"SearchAction\",\"target\":{\"@type\":\"EntryPoint\",\"urlTemplate\":\"https:\\\/\\\/www.incaudavenenum.org\\\/cut.the.crap\\\/?s={search_term_string}\"},\"query-input\":{\"@type\":\"PropertyValueSpecification\",\"valueRequired\":true,\"valueName\":\"search_term_string\"}}],\"inLanguage\":\"fr-FR\"},{\"@type\":\"Organization\",\"@id\":\"https:\\\/\\\/www.incaudavenenum.org\\\/cut.the.crap\\\/#organization\",\"name\":\"Cut The Crap\",\"url\":\"https:\\\/\\\/www.incaudavenenum.org\\\/cut.the.crap\\\/\",\"logo\":{\"@type\":\"ImageObject\",\"inLanguage\":\"fr-FR\",\"@id\":\"https:\\\/\\\/www.incaudavenenum.org\\\/cut.the.crap\\\/#\\\/schema\\\/logo\\\/image\\\/\",\"url\":\"https:\\\/\\\/i1.wp.com\\\/www.incaudavenenum.org\\\/cut.the.crap\\\/wp-content\\\/uploads\\\/2018\\\/01\\\/cTc.png?fit=100%2C95\",\"contentUrl\":\"https:\\\/\\\/i1.wp.com\\\/www.incaudavenenum.org\\\/cut.the.crap\\\/wp-content\\\/uploads\\\/2018\\\/01\\\/cTc.png?fit=100%2C95\",\"width\":100,\"height\":95,\"caption\":\"Cut The Crap\"},\"image\":{\"@id\":\"https:\\\/\\\/www.incaudavenenum.org\\\/cut.the.crap\\\/#\\\/schema\\\/logo\\\/image\\\/\"},\"sameAs\":[\"https:\\\/\\\/www.facebook.com\\\/Cut-the-Crap-239882412697830\\\/\",\"https:\\\/\\\/x.com\\\/cutzecrap\"]}]}<\/script>\n<!-- \/ Yoast SEO plugin. -->","yoast_head_json":{"title":"\u00c0 propos - Cut The Crap","robots":{"index":"index","follow":"follow","max-snippet":"max-snippet:-1","max-image-preview":"max-image-preview:large","max-video-preview":"max-video-preview:-1"},"canonical":"https:\/\/www.incaudavenenum.org\/cut.the.crap\/a-propos\/","og_locale":"fr_FR","og_type":"article","og_title":"\u00c0 propos - Cut The Crap","og_description":"Arr\u00eatons les conneries\u00a0! Cut the crap ! Aust\u00e9rit\u00e9, social-lib\u00e9ralisme, contre-r\u00e9formes antisociales, confiscation du pouvoir, n\u00e9potisme, corruption, dictature \u00e9conomique, coup d&rsquo;Etat financier, technocratie, obsession s\u00e9curitaire, oppression polici\u00e8re, soumission sociale, renforcement des in\u00e9galit\u00e9s, perp\u00e9tuation des injustices, phallocratie, destruction de l&rsquo;environnement, ab\u00eatissement de la population, laideur bling bling, isolement des individus, r\u00e9signation, impuissance des peuples, complotisme, racisme, x\u00e9nophobie, &hellip; Continuer la lecture de &laquo;&nbsp;\u00c0 propos&nbsp;&raquo;","og_url":"https:\/\/www.incaudavenenum.org\/cut.the.crap\/a-propos\/","og_site_name":"Cut The Crap","article_publisher":"https:\/\/www.facebook.com\/Cut-the-Crap-239882412697830\/","article_modified_time":"2018-07-17T13:42:47+00:00","og_image":[{"width":100,"height":95,"url":"https:\/\/i1.wp.com\/www.incaudavenenum.org\/cut.the.crap\/wp-content\/uploads\/2018\/01\/cTc.png?fit=100%2C95&ssl=1","type":"image\/png"}],"twitter_card":"summary_large_image","twitter_site":"@cutzecrap","twitter_misc":{"Dur\u00e9e de lecture estim\u00e9e":"2 minutes"},"schema":{"@context":"https:\/\/schema.org","@graph":[{"@type":"WebPage","@id":"https:\/\/www.incaudavenenum.org\/cut.the.crap\/a-propos\/","url":"https:\/\/www.incaudavenenum.org\/cut.the.crap\/a-propos\/","name":"\u00c0 propos - Cut The Crap","isPartOf":{"@id":"https:\/\/www.incaudavenenum.org\/cut.the.crap\/#website"},"primaryImageOfPage":{"@id":"https:\/\/www.incaudavenenum.org\/cut.the.crap\/a-propos\/#primaryimage"},"image":{"@id":"https:\/\/www.incaudavenenum.org\/cut.the.crap\/a-propos\/#primaryimage"},"thumbnailUrl":"https:\/\/i0.wp.com\/www.incaudavenenum.org\/cut.the.crap\/wp-content\/uploads\/2018\/01\/cTc.png?fit=100%2C95&ssl=1","datePublished":"2010-02-14T19:14:50+00:00","dateModified":"2018-07-17T13:42:47+00:00","breadcrumb":{"@id":"https:\/\/www.incaudavenenum.org\/cut.the.crap\/a-propos\/#breadcrumb"},"inLanguage":"fr-FR","potentialAction":[{"@type":"ReadAction","target":["https:\/\/www.incaudavenenum.org\/cut.the.crap\/a-propos\/"]}]},{"@type":"ImageObject","inLanguage":"fr-FR","@id":"https:\/\/www.incaudavenenum.org\/cut.the.crap\/a-propos\/#primaryimage","url":"https:\/\/i0.wp.com\/www.incaudavenenum.org\/cut.the.crap\/wp-content\/uploads\/2018\/01\/cTc.png?fit=100%2C95&ssl=1","contentUrl":"https:\/\/i0.wp.com\/www.incaudavenenum.org\/cut.the.crap\/wp-content\/uploads\/2018\/01\/cTc.png?fit=100%2C95&ssl=1","width":100,"height":95},{"@type":"BreadcrumbList","@id":"https:\/\/www.incaudavenenum.org\/cut.the.crap\/a-propos\/#breadcrumb","itemListElement":[{"@type":"ListItem","position":1,"name":"Accueil","item":"https:\/\/www.incaudavenenum.org\/cut.the.crap\/"},{"@type":"ListItem","position":2,"name":"\u00c0 propos"}]},{"@type":"WebSite","@id":"https:\/\/www.incaudavenenum.org\/cut.the.crap\/#website","url":"https:\/\/www.incaudavenenum.org\/cut.the.crap\/","name":"Cut The Crap","description":"Blog de gauche","publisher":{"@id":"https:\/\/www.incaudavenenum.org\/cut.the.crap\/#organization"},"potentialAction":[{"@type":"SearchAction","target":{"@type":"EntryPoint","urlTemplate":"https:\/\/www.incaudavenenum.org\/cut.the.crap\/?s={search_term_string}"},"query-input":{"@type":"PropertyValueSpecification","valueRequired":true,"valueName":"search_term_string"}}],"inLanguage":"fr-FR"},{"@type":"Organization","@id":"https:\/\/www.incaudavenenum.org\/cut.the.crap\/#organization","name":"Cut The Crap","url":"https:\/\/www.incaudavenenum.org\/cut.the.crap\/","logo":{"@type":"ImageObject","inLanguage":"fr-FR","@id":"https:\/\/www.incaudavenenum.org\/cut.the.crap\/#\/schema\/logo\/image\/","url":"https:\/\/i1.wp.com\/www.incaudavenenum.org\/cut.the.crap\/wp-content\/uploads\/2018\/01\/cTc.png?fit=100%2C95","contentUrl":"https:\/\/i1.wp.com\/www.incaudavenenum.org\/cut.the.crap\/wp-content\/uploads\/2018\/01\/cTc.png?fit=100%2C95","width":100,"height":95,"caption":"Cut The Crap"},"image":{"@id":"https:\/\/www.incaudavenenum.org\/cut.the.crap\/#\/schema\/logo\/image\/"},"sameAs":["https:\/\/www.facebook.com\/Cut-the-Crap-239882412697830\/","https:\/\/x.com\/cutzecrap"]}]}},"jetpack_shortlink":"https:\/\/wp.me\/P9z98q-2","jetpack_likes_enabled":true,"jetpack-related-posts":[{"id":102,"url":"https:\/\/www.incaudavenenum.org\/cut.the.crap\/choses-lues\/","url_meta":{"origin":2,"position":0},"title":"Choses lues","author":"\u1d10T\u1d04","date":"6 novembre 2010","format":false,"excerpt":"\"Tout ce que l'\u00e9conomie t'enl\u00e8ve de vie et d'humanit\u00e9, elle te le remplace en images et en repr\u00e9sentations ; tout ce que tu ne peux pas faire, tu peux en \u00eatre le spectateur.\" Baudouin de Bodinat, La vie sur terre (R\u00e9flexions sur le peu d'avenir que contient le temps o\u00f9\u2026","rel":"","context":"Dans \"Baudouin de Bodinat\"","block_context":{"text":"Baudouin de Bodinat","link":"https:\/\/www.incaudavenenum.org\/cut.the.crap\/tag\/baudouin-de-bodinat\/"},"img":{"alt_text":"","src":"","width":0,"height":0},"classes":[]},{"id":109,"url":"https:\/\/www.incaudavenenum.org\/cut.the.crap\/choses-vues\/","url_meta":{"origin":2,"position":1},"title":"Choses vues","author":"\u1d10T\u1d04","date":"6 novembre 2010","format":false,"excerpt":"D\u00e9rives urbaines et extra-urbaines Plus de photos sur notre portail anartistique IN CAUDA VENENUM et sur le r\u00e9seau antisocial Instagram \u00a0 Journal distribu\u00e9 lors de la manifestation du 6 novembre 2010 \u00e0 Paris","rel":"","context":"Dans \"CFC-BAP\"","block_context":{"text":"CFC-BAP","link":"https:\/\/www.incaudavenenum.org\/cut.the.crap\/tag\/cfc-bap\/"},"img":{"alt_text":"","src":"https:\/\/i0.wp.com\/www.incaudavenenum.org\/cut.the.crap\/wp-content\/uploads\/2019\/12\/greve-retraite.jpg?resize=350%2C200&ssl=1","width":350,"height":200,"srcset":"https:\/\/i0.wp.com\/www.incaudavenenum.org\/cut.the.crap\/wp-content\/uploads\/2019\/12\/greve-retraite.jpg?resize=350%2C200&ssl=1 1x, https:\/\/i0.wp.com\/www.incaudavenenum.org\/cut.the.crap\/wp-content\/uploads\/2019\/12\/greve-retraite.jpg?resize=525%2C300&ssl=1 1.5x, https:\/\/i0.wp.com\/www.incaudavenenum.org\/cut.the.crap\/wp-content\/uploads\/2019\/12\/greve-retraite.jpg?resize=700%2C400&ssl=1 2x"},"classes":[]}],"jetpack_sharing_enabled":true,"_links":{"self":[{"href":"https:\/\/www.incaudavenenum.org\/cut.the.crap\/wp-json\/wp\/v2\/pages\/2","targetHints":{"allow":["GET"]}}],"collection":[{"href":"https:\/\/www.incaudavenenum.org\/cut.the.crap\/wp-json\/wp\/v2\/pages"}],"about":[{"href":"https:\/\/www.incaudavenenum.org\/cut.the.crap\/wp-json\/wp\/v2\/types\/page"}],"author":[{"embeddable":true,"href":"https:\/\/www.incaudavenenum.org\/cut.the.crap\/wp-json\/wp\/v2\/users\/6"}],"replies":[{"embeddable":true,"href":"https:\/\/www.incaudavenenum.org\/cut.the.crap\/wp-json\/wp\/v2\/comments?post=2"}],"version-history":[{"count":3,"href":"https:\/\/www.incaudavenenum.org\/cut.the.crap\/wp-json\/wp\/v2\/pages\/2\/revisions"}],"predecessor-version":[{"id":1374,"href":"https:\/\/www.incaudavenenum.org\/cut.the.crap\/wp-json\/wp\/v2\/pages\/2\/revisions\/1374"}],"wp:featuredmedia":[{"embeddable":true,"href":"https:\/\/www.incaudavenenum.org\/cut.the.crap\/wp-json\/wp\/v2\/media\/1032"}],"wp:attachment":[{"href":"https:\/\/www.incaudavenenum.org\/cut.the.crap\/wp-json\/wp\/v2\/media?parent=2"}],"curies":[{"name":"wp","href":"https:\/\/api.w.org\/{rel}","templated":true}]}}